+ 1. Let p = 4 - 8. Let s be m(p). Let o be (-9)/9*(-1 + s). Determine i(o).
-5
Let t(d) = 2 - d + 0 - 3*d. Let o be (28/(-21))/(4/6). Let q(r) = -2*r**2 - 4*r - 2. Let n be q(o). Determine t(n).
10
Let b(y) be the third derivative of -y**4/24 + y**2. Let a be b(-5). Let v(g) = g**2 - 4*g - 3. Determine v(a).
2
Let t(d) = -3*d**3 - d. Suppose 0 = -b - 3*b - 20, 2*s + 2*b + 8 = 0. What is t(s)?
-4
Let a(v) = 139*v - v**2 - 138*v + 2*v**2 - 7. Determine a(0).
-7
Suppose s - 2 = -4*c, 38 = 4*s - 0*s + c. Suppose -5*k = -5*f - 10, k = 5*f - 0*k - s. Let o(r) = -r**3 + 5*r**2 - 3*r. What is o(f)?
9
Let r(j) = -19*j**3 - j**2 - j - 3. Let x(g) = 58*g**3 + 4*g**2 + 4*g + 10. Let y(p) = -7*r(p) - 2*x(p). Calculate y(1).
16
Let q(t) be the first derivative of -t**3/3 + 5*t**2/2 - 3*t - 1. Let n(l) = -l**3 + 19*l**2 - 20*l + 39. Let c be n(18). Calculate q(c).
3
Let h(k) = k**2 + k - 4. Let d(v) = 2*v - 1. Let y be d(-4). Let m be (3/(-2))/(y/(-24)). Determine h(m).
8
Let a(g) = g**3 - 3*g**2 + g + 4. Let o be (2 - 0/(-1))*1. Suppose -w + 1 + o = 0. Give a(w).
7
Let f(q) = 2*q**2 + q. Suppose 3*n + n = 2*u - 18, -n = 5. Let a be f(u). Let w(p) = -4*p + 4*p**2 + p + 0 + 2*p + 1. Calculate w(a).
4
Let p(g) = -g**3 + 11*g**2 + 2. Let x be p(11). Suppose 5*z - x*z = 4*w - 11, 2*w - 5*z = -5. Let n(a) = -a**3 + 4*a**2 + 7*a - 4. Determine n(w).
6
Suppose 16 = 4*l - 4*w, 3*w = l + 3*l - 15. Suppose -4*u - 2*x - 6 = -0*x, 4*u + l*x + 9 = 0. Let s(o) = 3 + 1 + o - 1 + u. What is s(0)?
3
Let i = -157 - -155. Let g(y) = y**3 + y**2 - y + 2. What is g(i)?
0
Let l(k) be the third derivative of k**4/24 - k**3 - 18*k**2. Give l(4).
-2
Let i be 1*(-1 + 1 - 1). Suppose -a - 15 = -4*g, 10 + 9 = -a + 5*g. Let o(w) = -a + 11*w - 9*w + 2. Give o(i).
-1
Let s(a) = 2*a. Let i be s(3). Let b be -1*5/(5/i). Let c(l) = -l**2 - 10. Let u(m) = -m**2 + m - 11. Let x(n) = 7*c(n) - 6*u(n). Determine x(b).
-4
Let w(x) = 6*x**3 - 2*x**2 + 1. Let m(d) = -d**2 - 7*d - 5. Let i be m(-6). Calculate w(i).
5
Let u(r) = -3*r - 7. Let w(a) = 2*a + 8. Let p(z) = 7*u(z) + 6*w(z). Give p(-1).
8
Let v(g) = -4*g**2 - 13*g - 5. Let d(t) = -5*t**2 - 14*t - 6. Let x(w) = 5*d(w) - 6*v(w). Give x(8).
0
Let t(n) = -2*n. Let v(m) = -m**2 - 7*m + 6. Let r be v(-8). What is t(r)?
4
Let o be 3/(-6) - 5/2. Let u(i) = -7*i - 3. Give u(o).
18
Let b(m) = -7*m + 2. Let u(p) = -3*p + 1. Let w(r) = 4*b(r) - 9*u(r). Determine w(5).
-6
Let n(x) = 5*x**2 - 2*x - 1. Let j(l) = 14*l**2 - 7*l - 2. Let c(p) = 4*j(p) - 11*n(p). Give c(5).
-2
Let c(s) = 2*s**2 - 5*s + 2. Let r be c(3). Suppose 0 = -r*j + j. Let n(x) = -7*x**2 - 5. Let p(m) = 3*m**2 + 2. Let u(d) = -4*n(d) - 9*p(d). Give u(j).
2
Let a(l) = -2*l + 5. Let w(u) = -u + 5. Let j(m) = -4*a(m) + 5*w(m). Calculate j(-6).
-13
Let p(o) be the second derivative of o**3 - o**2/2 + 145*o. Suppose 6*k - 2 = -2*n + 4*k, 0 = -k - 1. Calculate p(n).
11
Let t(m) be the first derivative of -m**2 - 2*m - 36. What is t(8)?
-18
Let v(p) = -p**2 - 3*p + 5. Let q = -4 + 5. Let x be 1*-6*q + 2. Calculate v(x).
1
Let g(q) = 4*q**2 - 3*q**2 + 0*q**2. Let z = -8 + 13. Let j(h) = -h**3 + 4*h**2 + 4*h + 6. Let u be j(z). What is g(u)?
1
Let v(c) = -13*c - 13. Let d(a) = -3*a - 3. Let w(l) = -9*d(l) + 2*v(l). What is w(-5)?
-4
Let m(t) = -t**2 + 7*t - 6. Let g(c) = -4*c - 6. Let o be g(-3). Give m(o).
0
Let a(d) = d**2 - 7*d - 7. Let w(j) = j**2 + 7*j - 52. Let k be w(-12). Give a(k).
1
Let y(b) = -b**3 - 5*b**2 + b + 2. Let f be -2 + 1*(-19)/1. Let g = 16 + f. Determine y(g).
-3
Let u = -6 + 6. Suppose 0*x = -x + i, 3*x + 2*i = u. Let y(f) = f**2 - f. Calculate y(x).
0
Let w(v) = v**3 - 3*v**2 + v + 1. Let q(u) = -u**3 + 3*u**2 + u - 1. Let f be q(3). Let b be w(f). Let h(c) = 2*c - 1. What is h(b)?
-3
Let g(h) = -6*h**3 - 1. Suppose -y - 2*q - 7 = 0, 5*y - 17 = 2*q + 8. Suppose 7*a - y*a - 4 = 0. Suppose 3*j - c + 2 = 0, 0*j - 2*c = -j + a. Determine g(j).
5
Let x = -11 + 17. Let z(y) = y - 3*y - x*y**2 - 3*y**2 + 3*y. What is z(1)?
-8
Let n(f) = -29*f - 33*f + 68*f + 1. Give n(-2).
-11
Let w(u) = u**3 - 2*u**2 - 87*u - 2 + 88*u - 4*u**3. Calculate w(-2).
12
Let r(p) be the second derivative of -p**5/20 + 7*p**4/12 + 4*p**3/3 + 3*p**2/2 + 28*p. What is r(8)?
3
Let b(v) = -2*v**2 + 1. Let u = -4 + 9. Suppose -u*g - 14 = -h - 0*h, 4*g + 14 = -2*h. Let w be (-5 - -4)*(-1 + h). Calculate b(w).
-7
Let o(w) = -5 + 6*w - w**3 + w**2 + 4 + 4*w**2. What is o(6)?
-1
Suppose -3*b = b + 20. Let n be ((-4)/b)/(8/(-40)). Let j(t) = -3*t - 6. Give j(n).
6
Suppose 6 = -4*s + 22. Let j(z) = 3 + s - 3 + 0*z - 4*z. What is j(3)?
-8
Suppose 2*c - 2*u = 6, 4*u + 6 = 2*c - 4. Let t be (6/2 - 1)/c. Let d(m) be the first derivative of m**3/3 + m**2 - m - 5. Calculate d(t).
7
Let a(h) be the third derivative of -h**5/60 + 3*h**4/8 - h**3/6 - 18*h**2. Calculate a(4).
19
Let f(h) be the second derivative of -h**3/6 + 2*h**2 - 4*h. Give f(4).
0
Let w(u) = u**2 - 4*u - 3. Let h be w(5). Let i(d) = 0 - 2*d**h - 9*d**3 + 0 + 1. Let p be (-2)/(-2)*(-2 + 1). Calculate i(p).
8
Let d(l) = 12*l**2 + 2*l + 1. Suppose b + 3*b + 4 = 0. Let t be d(b). Suppose 3*g = -5*r - t + 1, 5*r = -2*g - 10. Let v(f) = 2*f**3 + 3*f**2 - 2. What is v(r)?
-6
Let g(a) = a**2 - 7*a + 6. Let h be g(6). Suppose 6*y - 11*y = h. Let i(t) = -t**2 - 4. What is i(y)?
-4
Let b(w) = -2 + 2*w**2 - 3 + 1 - w**2. Suppose -p - 3*p - 3*c + 4 = 0, 5*p - 3*c - 5 = 0. Let t be 39/12 - p/4. Determine b(t).
5
Let w(b) be the third derivative of -b**6/60 - b**5/60 + b**4/12 - b**3/6 + b**2. Determine w(-2).
7
Let a(d) be the first derivative of -d**2 + 5 - 1/3*d**3 - d. Determine a(-1).
0
Let f(x) = -6 + 9*x + 8*x + 6*x - 24*x. What is f(-6)?
0
Let p(z) = -z**3 - z**2 + 6. Suppose 0 = -0*w - 5*w. Determine p(w).
6
Let t = 21 - 15. Let j(c) = -c + 6. Give j(t).
0
Let p = -73 - -61. Let z(i) = i**2 + 11*i - 3. Calculate z(p).
9
Suppose 0 = 3*o + o + 40. Let r = -2 - o. Let c be 21/(-4) + 2/r. Let z(i) = -i**2 - 5*i. Give z(c).
0
Suppose -4*p + 2*n = 16, -3*p - 2*p = -3*n + 20. Let j(d) = -d**2 - 3*d + 3. Determine j(p).
-1
Let t(w) be the first derivative of -w**4/4 + w**3/3 - w**2/2 - 8*w - 2. Let x = 6 + -6. Determine t(x).
-8
Let w(b) be the second derivative of b**3/3 - b**2/2 - 3*b. Suppose 0 + 6 = 2*y. Suppose 4*u + 0 = -5*d - 2, 0 = y*u + 9. Calculate w(d).
3
Let n = -7 + 10. Let s(a) = -a + 2*a**2 + a**2 - a + n - 2. Give s(2).
9
Let p be 4*(-4)/8 - 1. Let g(q) = -7*q**3 + 4*q**2 + 9*q + 4. Let m(i) = -i**3 + i**2 + i. Let o(r) = g(r) - 6*m(r). Give o(p).
4
Let l(d) = -d**3 + 5*d**2 - d + 4. Let q(r) = -r + 1. Let t be q(1). Let k be (-20)/(-8)*(t - -2). Calculate l(k).
-1
Let j(n) = -n**3 + 8*n**2 + 1 - n + 9*n**2 - 13*n**2. Let i be 8*1/(2 - 0). Calculate j(i).
-3
Let v(a) = a**3 - a**2 + 2*a - 1. Let t be (1 + 0)*(-3 + 2). Suppose m = 2*z + 2 - 3, 3*z = -5*m + 34. Let k = z + t. Calculate v(k).
7
Let n be (-2)/5 - 165/25. Let j(k) = -k**2 - 7*k - 4. Determine j(n).
-4
Let s(b) be the first derivative of b**2 - 9*b + 63. Determine s(6).
3
Let h(v) = -17*v**2 + v. Let t be h(-1). Let x be (-12)/t*3/2. Let b(c) = c + 1. Let n(s) = -3*s + 2. Let g(j) = x*n(j) + 2*b(j). Calculate g(0).
4
Let t = -17 - -4. Let q = t - -15. Let h(f) = 5*f - 4 + 1 - 2*f. Give h(q).
3
Let r = -1 + -2. Let t(m) = 4*m**3 - 16*m**2 + 16*m + 4. Let h(x) = -x**3 + 5*x**2 - 5*x - 1. Let i(q) = 7*h(q) + 2*t(q). Determine i(r).
10
Let h = -2 - -2. Suppose -2*a + 6 = a. Let i(x) = -3*x**a + 4*x**2 + 0*x - 5 + 8*x**3 - x - 7*x**3. Determine i(h).
-5
Suppose -9 = -2*b - 1. Suppose b*y + 0 = 8. Let u(i) = 2*i**3 + 3 - 5 - 3*i**3 + 2*i. Calculate u(y).
-6
Suppose -5*h + 0*h - 2 = -4*f, 0 = 4*h - 8. Let w(c) be the first derivative of -2*c - 3 + 1/4*c**4 + 1/3*c**f + 1/2*c**2. Determine w(0).
-2
Let p(t) = -t**2 - 5*t - 5. Let b = -8 + 10. Let h be (-60)/(-14) + 2/(-7). Suppose -3*s = -b*s + h. Give p(s).
-1
Let v(p) = -5*p**3 - p**2 + 1. Let z be (-62)/8 - 9/(-12). Let k be z/14 + 1/(-2). Calculate v(k).
5
Let k(a) = a**2 + 7*a**2 - 2*a**2. Suppose -7*d = -2*d - 5. What is k(d)?
6
Let i(l) = l + 3. Suppose 5*n + 23 = -7. Give i(n).
-3
Let d(n) = n - 1. Let r be 16/(-6)*(-18)/8. Give d(r).
5
Let h(y) be the first derivative of -y**5/120 - y**4/24 - 2*y**3/3 - 1. Let b(o) be the third de